
-10
Let s(w) = w**2 - 23*w - 201. Calculate s(30).
9
Let m(z) = 3*z + 24. Determine m(-16).
-24
Let m(o) = -26*o + 1. What is m(-3)?
79
Let x(n) = -n**3 + 9*n**2 + 15*n - 11. Calculate x(10).
39
Let f(b) = b**2 - 14*b + 3. Give f(0).
3
Let k(z) = -z**3 - 5*z**2 - z - 9. What is k(-5)?
-4
Let d(s) = -s**3 + 7*s**2 - 4*s - 1. Give d(6).
11
Let o(t) = -6*t + 19. Determine o(10).
-41
Let f(s) = 4*s**2 + s + 5. Give f(-2).
19
Let r(t) = 3*t. Calculate r(1).
3
Let l(a) = -3*a + 22. Give l(5).
7
Let j(l) = 4*l**2 + 6*l - 6. Give j(1).
4
Let n(s) = -s**3 - 6*s**2 - 4*s - 6. What is n(-5)?
-11
Let g(m) = m - 20. Determine g(-13).
-33
Let s(n) = -2*n**2 + 30*n + 61. Give s(17).
-7
Let c(y) = -y**3 - 7*y**2 - 11*y - 13. Determine c(-5).
-8
Let v(q) = 2*q**2 - 10*q - 8. Give v(-6).
124
Let o(b) = b**3 + 5*b**2 + 9*b - 9. What is o(-4)?
-29
Let o(x) = 22*x - 354. What is o(16)?
-2
Let i(f) = -f**3 - 3*f**2 + 11*f + 9. Determine i(-5).
4
Let g(q) = -q**3 + 5*q**2 + 7*q - 13. Calculate g(7).
-62
Let o(y) = 9*y - 3. Give o(2).
15
Let p(u) = u**2 - 9*u + 4. Determine p(8).
-4
Let h(o) = -o**3 - 11*o**2 - 13*o + 11. Determine h(-9).
-34
Let a(l) = -6*l**2 + 4. Give a(-2).
-20
Let l(b) = -b**3 - b**2 - 2*b - 15. Give l(-4).
41
Let l(q) = 3*q - 6. Calculate l(2).
0
Let f(x) = x**3 - 3*x**2 - 4*x - 1. What is f(3)?
-13
Let q(z) = -z**2 + 9*z + 18. Calculate q(12).
-18
Let f(l) = -l**3 - 30*l**2 - 57*l - 26. Determine f(-28).
2
Let n(t) = 5*t**3 + t + 1. Give n(-2).
-41
Let j(c) = c**2 + 2*c - 7. Calculate j(-4).
1
Let d(m) = m**3 - 8*m**2 - 3*m - 27. Determine d(9).
27
Let w(f) = -f**3 + 6*f**2 - 4*f - 7. What is w(5)?
-2
Let y(r) = 2*r**3 + 7*r - 7. Determine y(2).
23
Let y(f) = -f**3 - 11*f**2 + 24*f - 30. Determine y(-13).
-4
Let t(o) = 4*o**3 - 2*o**2 - 3*o + 4. Give t(1).
3
Let i(t) = 3*t - 67. What is i(24)?
5
Let p(m) = -m**3 - 38*m**2 - 35*m + 70. Calculate p(-37).
-4
Let d(g) = 6*g + 101. Give d(-7).
59
Let w(x) = x**3 - x**2 + x. Determine w(-4).
-84
Let h(r) = -4*r + 23. Calculate h(4).
7
Let f(y) = y**3 + 7*y**2 + 10*y + 14. Determine f(-5).
14
Let m(a) = -a**3 + 6*a**2 + 30*a - 24. Determine m(9).
3
Let x(t) = -19*t - 85. Determine x(-5).
10
Let k(w) = 2*w**2 + w - 19. Give k(-4).
9
Let i(u) = 4*u**2 - 3. Give i(-3).
33
Let y(j) = -j**2 - 13*j - 39. Give y(-9).
-3
Let i(b) = -9*b + 14. What is i(7)?
-49
Let b(w) = -w**3 - 4*w**2 + 12*w + 36. Give b(-5).
1
Let s(g) = g**3 + 6*g**2 + 5*g - 6. What is s(-5)?
-6
Let m(r) = 2*r + 26. What is m(-6)?
14
Let d(o) = o**2 - o - 39. What is d(7)?
3
Let d(w) = w**2 - 8*w - 6. Give d(7).
-13
Let x(l) = -88*l - 6. Calculate x(-1).
82
Let h(t) = t**3 - 11*t**2 - 14*t + 37. Determine h(12).
13
Let o(g) = -5*g - 138. Calculate o(-26).
-8
Let t(n) = -n**3 - 1. Determine t(3).
-28
Let k(y) = -y**3 + 6*y**2 - 7*y - 4. Determine k(4).
0
Let f(i) = -i**3 - 13*i**2 - 12*i + 11. Calculate f(-12).
11
Let v(o) = o**3 - 17*o**2 + 14*o - 18. What is v(16)?
-50
Let b(w) = -w**3 + 15*w**2 - 16*w + 25. Give b(14).
-3
Let y(l) = -2*l - 27. Determine y(-18).
9
Let o(x) = -x - 2. What is o(-1)?
-1
Let j(i) = -2*i**3 - 2*i**2 - 2*i - 4. Give j(-2).
8
Let c(d) = d**2 - 12*d - 10. Calculate c(0).
-10
Let x(j) = -4*j + 22. What is x(7)?
-6
Let w(r) = -r**3 + 22*r**2 - 54*r + 1. Calculate w(3).
10
Let z(v) = -v**2 - 6*v + 22. What is z(-9)?
-5
Let a(c) = c**3 - 4*c**2 - 6*c - 2. What is a(5)?
-7
Let h(y) = 2*y**3 + 5*y**2 - 2*y - 5. Determine h(-4).
-45
Let i(z) = z**3 - 2*z**2 - z - 4. Determine i(0).
-4
Let s(j) = j**3 + 13*j**2 + j + 3. What is s(-13)?
-10
Let a(n) = -4*n**2 + 3*n - 7. What is a(3)?
-34
Let d(g) = -g**2 + 11*g + 9. Give d(7).
37
Let i(x) = -62*x**3 - x**2. Calculate i(-1).
61
Let x(y) = -y**2 - 10*y - 8. What is x(-11)?
-19
Let j(i) = -i**3 + 3*i + 5. Give j(-2).
7
Let t(z) = -2*z**3 + 15*z**2 - 5*z - 4. Calculate t(7).
10
Let y(z) = z**2 + 6*z + 6. Give y(-5).
1
Let y(t) = t**3 + 8*t**2 - 18*t - 47. Calculate y(-10).
-67
Let m(h) = -h**2 - 10*h - 12. What is m(-9)?
-3
Let a(p) = -p**3 + 17. Calculate a(0).
17
Let i(u) = 38*u**3 - 2*u**2 + 1. Determine i(1).
37
Let x(b) = -b**3 - 24*b**2 + 52*b + 9. Determine x(-26).
9
Let r(x) = x**3 + 10*x**2 + 5*x - 6. Calculate r(-9).
30
Let x(z) = z**3 - 10*z**2 - 8*z - 22. Give x(11).
11
Let i(l) = -l + 1. Determine i(-3).
4
Let d(x) = 3*x**2 + 44*x - 15. Calculate d(-15).
0
Let a(k) = 3*k - 14. What is a(8)?
10
Let l(u) = u**3 + 4*u**2 - u - 19. Calculate l(-4).
-15
Let j(f) = -49*f - 13. Determine j(0).
-13
Let l(d) = 5*d + 196. Give l(-38).
6
Let f(l) = -l**3 + 13*l**2 + l + 12. What is f(13)?
25
Let l(x) = x**3 + 27*x**2 + 71*x - 42. Give l(-24).
-18
Let i(c) = -c**3 - 16*c**2 - 17*c - 26. Determine i(-15).
4
Let t(u) = -u**2 - 17*u + 32. Give t(-18).
14
Let d(h) = 34*h + 207. Determine d(-6).
3
Let r(a) = -2*a + 18. Determine r(12).
-6
Let o(y) = -5*y - 3. Calculate o(-1).
2
Let m(v) = v**2 - 17*v + 20. Give m(14).
-22
Let c(w) = w**3 - 9*w**2 + 6*w + 8. Determine c(8).
-8
Let a(m) = -m**2 + 4*m - 13. Determine a(4).
-13
Let w(l) = l**2 + 8*l + 6. What is w(-8)?
6
Let i(m) = 10*m + 1. Give i(-2).
-19
Let n(x) = x - 5. What is n(9)?
4
Let n(f) = 59*f**2 - 2. What is n(1)?
57
Let w(h) = -h**3 + 11*h**2 - 11. What is w(10)?
89
Let r(o) = -4*o + 15. Calculate r(-11).
59
Let c(b) = -b**2 + 5*b - 6. What is c(5)?
-6
Let n(i) = i**2 + 4*i + 5. Give n(-3).
2
Let p(v) = -v**2 - 12*v - 16. Give p(-12).
-16
Let w(o) = -o**3 - 4*o**2 + 2*o + 4. What is w(-4)?
-4
Let j(d) = 36*d**3 - d**2 + 1. What is j(-1)?
-36
Let j(l) = l**3 + 8*l**2 - 6*l - 11. What is j(-8)?
37
Let q(w) = w**2 + 3*w + 9. Calculate q(4).
37
Let t(m) = -7*m - 1. Give t(-2).
13
Let g(r) = -2*r**2 + 8*r. Give g(5).
-10
Let g(y) = -y**2 + 2*y - 1. Calculate g(6).
-25
Let u(i) = -6*i**3 + 3*i**2 - 3*i + 2. Determine u(2).
-40
Let x(b) = -b + 30. What is x(22)?
8
Let b(k) = -k**2 - 4*k - 8. What is b(-6)?
-20
Let y(m) = -m**3 - 20*m**2 - 38*m - 34. Give y(-18).
2
Let s(x) = 2*x**2 + 4*x + 4. Calculate s(-3).
10
Let k(m) = -2*m + 15. Calculate k(6).
3
Let z(a) = a**3 + 20*a**2 - 33. Give z(-20).
-33
Let p(n) = 2*n**2 - 7*n - 5. Give p(6).
25
Let z(g) = 2*g**2 - 40*g - 5. What is z(19)?
-43
Let t(x) = -x**2 + 4*x + 35. What is t(-6)?
-25
Let v(x) = -x**2 - 5*x - 2. Determine v(-5).
-2
Let z(b) = b**3 + 8*b**2 + 5*b - 4. Give z(-6).
38
Let d(u) = -u + 23. Determine d(-19).
42
Let u(l) = -3*l - 11. Give u(-16).
37
Let t(a) = a**3 - 6*a**2 - 2*a + 14. Determine t(2).
-6
Let a(l) = 2*l + 3. What is a(-2)?
-1
Let w(u) = 4*u. What is w(1)?
4
Let q(o) = 2*o**2 - 29*o - 4. Determine q(16).
44
Let a(c) = -12*c + 97. Calculate a(9).
-11
Let o(h) = -15*h - 144. Determine o(-10).
6
Let p(j) = 4*j**2 - 10*j + 35. Give p(7).
161
Let q(w) = -w**3 - 10*w**2 + 10*w. Determine q(-11).
11
Let d(k) = k**3 + 24*k**2 + 43*k - 19. Calculate d(-22).
3
Let z(i) = i**3 + 8*i**2 - 39*i - 72. Give z(-11).
-6
Let c(h) = -h**3 + 6*h**2 - 3*h + 15. Calculate c(6).
-3
Let t(v) = 4*v - 3. Give t(6).
21
Let n(p) = -p**3 - 20*p**2 - 64*p - 2. Determine n(-4).
-2
Let f(x) = 4*x**3 - 8*x**2 - 2. Give f(2).
-2
Let z(j) = 4*j - 15. Calculate z(-7).
-43
Let y(j) = -10*j**3 + 37*j + 38. Determine y(-1).
11
Let i(x) = -x**3 + 4*x**2 - 8*x + 15. Calculate i(4).
-17
Let s(y) = y**3 - 7*y**2 - 7*y + 1. Determine s(8).
9
Let o(r) = -3*r - 48. Give o(-18).
6
Let d(k) = 18*k - 3. What is d(-3)?
-57
Let b(g) = g**2 - 9*g - 2. Calculate b(10).
8
Let p(z) = z**2 - 20*z - 16. What is p(19)?
-35
Let o(p) = p**3 + 3*p**2 - 2*p - 5. Determine o(-3).
1
Let v(o) = -o**3 - 9*o**2 - 9*o - 19. Calculate v(-8).
-11
Let i(h) = -h**3 + 3*h + 2. What is i(-3)?
20
Let m(t) = -2*t**3 + 35*t**2 - 18*t + 4. Determine m(17).
-13
Let f(r) = 2*r**3 - 10*r**2 - 2*r + 20. What is f(5)?
10
Let c(x) = x**2 - 3*x - 2. What is c(4)?
2
Let d(l) = -2*l**3 + 2*l**2 - 2*l + 4. Determine d(2).
-8
Let i(p) = p**2 - 13*p + 6. Give i(14).
20
Let o(p) = p**3 + 4*p**2 + 8*p + 7. What is o(-3)?
-8
Let x(k) = 28*k + 15. Determine x(-1).
-13
Let c(p) = -4*p - 78. Calculate c(-23).
14
Let o(c) = 28*c + 1. Calculate o(1).
29
Let l(i) = 7*i**3 + 4*i**2 + 5*i + 2. Give l(-1).
-6
Let t(h) = -h**3 - 3*h**2 - 3*h - 3. Determine t(-5).
62
Let i(b) = b - 2. What is i(-3)?
-5
Let n(s) = 7*s - 7. Give n(2).
7
Let g(u) 